remainder when 17848 is divided by 481?
51
What is the remainder when 729693 is divided by 22?
19
Calculate the remainder when 1284 is divided by 160.
4
Calculate the remainder when 474286 is divided by 26.
20
What is the remainder when 12669 is divided by 127?
96
Calculate the remainder when 141252 is divided by 70614.
24
Calculate the remainder when 43624 is divided by 43.
22
What is the remainder when 3053 is divided by 10?
3
Calculate the remainder when 17900 is divided by 940.
40
What is the remainder when 2142 is divided by 177?
18
Calculate the remainder when 2508 is divided by 93.
90
What is the remainder when 33612 is divided by 44?
40
What is the remainder when 9048 is divided by 323?
4
What is the remainder when 1157 is divided by 184?
53
What is the remainder when 10945 is divided by 1087?
75
Calculate the remainder when 1679 is divided by 14.
13
What is the remainder when 234629 is divided by 66?
65
What is the remainder when 292646 is divided by 146321?
4
Calculate the remainder when 14616 is divided by 405.
36
Calculate the remainder when 67200 is divided by 57.
54
What is the remainder when 798786 is divided by 149?
146
What is the remainder when 1005 is divided by 639?
366
What is the remainder when 1210 is divided by 69?
37
What is the remainder when 4908 is divided by 123?
111
What is the remainder when 1601420 is divided by 33?
29
What is the remainder when 652126 is divided by 71?
62
Calculate the remainder when 9275 is divided by 42.
35
Calculate the remainder when 82942 is divided by 54.
52
Calculate the remainder when 8406 is divided by 210.
6
Calculate the remainder when 2873 is divided by 413.
395
What is the remainder when 3130 is divided by 933?
331
What is the remainder when 521822 is divided by 46?
44
What is the remainder when 2534 is divided by 67?
55
Calculate the remainder when 128287 is divided by 21.
19
What is the remainder when 219549 is divided by 989?
980
Calculate the remainder when 211366 is divided by 105683.
0
Calculate the remainder when 117525 is divided by 4701.
0
What is the remainder when 83458 is divided by 18?
10
What is the remainder when 1138428 is divided by 70?
18
Calculate the remainder when 15415 is divided by 45.
25
Calculate the remainder when 107034 is divided by 6689.
10
What is the remainder when 59459 is divided by 60?
59
Calculate the remainder when 2866 is divided by 950.
16
Calculate the remainder when 33255 is divided by 20.
15
Calculate the remainder when 235090 is divided by 26121.
1
Calculate the remainder when 58553 is divided by 393.
389
Calculate the remainder when 3849 is divided by 1278.
15
Calculate the remainder when 143217 is divided by 86.
27
What is the remainder when 426812 is divided by 12553?
10
Calculate the remainder when 34700 is divided by 63.
50
Calculate the remainder when 8294 is divided by 1804.
1078
What is the remainder when 56306 is divided by 3519?
2
Calculate the remainder when 7737 is divided by 44.
37
What is the remainder when 240498 is divided by 120222?
54
Calculate the remainder when 1196 is divided by 100.
96
What is the remainder when 478462 is divided by 33?
28
What is the remainder when 3375 is divided by 342?
297
Calculate the remainder when 761 is divided by 223.
92
What is the remainder when 13816 is divided by 134?
14
Calculate the remainder when 119132 is divided by 938.
6
Calculate the remainder when 1874 is divided by 269.
260
Calculate the remainder when 166172 is divided by 17.
14
Calculate the remainder when 1642812 is divided by 43.
40
What is the remainder when 10775 is divided by 415?
400
What is the remainder when 80131 is divided by 869?
183
Calculate the remainder when 3218 is divided by 297.
248
What is the remainder when 1207855 is divided by 16?
15
What is the remainder when 490 is divided by 255?
235
Calculate the remainder when 108600 is divided by 203.
198
Calculate the remainder when 285160 is divided by 95046.
22
Calculate the remainder when 369403 is divided by 46173.
19
Calculate the remainder when 109295 is divided by 297.
296
Calculate the remainder when 3149 is divided by 312.
29
What is the remainder when 67696 is divided by 27?
7
What is the remainder when 54781 is divided by 336?
13
What is the remainder when 1406 is divided by 44?
42
What is the remainder when 1606872 is divided by 191?
180
Calculate the remainder when 304238 is divided by 39.
38
What is the remainder when 153371 is divided by 108?
11
What is the remainder when 157138 is divided by 15?
13
What is the remainder when 333 is divided by 112?
109
What is the remainder when 116479 is divided by 787?
3
Calculate the remainder when 6929 is divided by 331.
309
What is the remainder when 21873 is divided by 1988?
5
What is the remainder when 215356 is divided by 71783?
7
What is the remainder when 6294 is divided by 676?
210
Calculate the remainder when 34349 is divided by 8577.
41
What is the remainder when 3105 is divided by 1403?
299
Calculate the remainder when 1188657 is divided by 857.
855
What is the remainder when 653 is divided by 47?
42
What is the remainder when 28856 is divided by 4765?
266
Calculate the remainder when 232216 is divided by 14.
12
What is the remainder when 20123 is divided by 86?
85
What is the remainder when 34066 is divided by 1484?
1418
What is the remainder when 9217 is divided by 174?
169
Calculate the remainder when 724758 is divided by 2561.
2556
What is the remainder when 2757 is divided by 69?
66
What is the remainder when 8579 is divided by 51?
11
Calculate the remainder when 8370 is divided by 1045.
10
Calculate the remainder when 2114 is divided by 1055.
4
Calculate the remainder when 40940 is divided by 88.
20
What is the remainder when 63167 is divided by 47?
46
What is the remainder when 14538 is divided by 4199?
1941
What is the remainder when 11862 is divided by 110?
92
What is the remainder when 145803 is divided by 57?
54
What is the remainder when 338777 is divided by 87?
86
Calculate the remainder when 41892 is divided by 41885.
7
Calculate the remainder when 1394 is divided by 52.
42
What is the remainder when 22607 is divided by 2059?
2017
What is the remainder when 146010 is divided by 507?
501
What is the remainder when 488 is divided by 361?
127
What is the remainder when 5325 is divided by 1772?
9
Calculate the remainder when 35509 is divided by 132.
1
What is the remainder when 1888 is divided by 404?
272
What is the remainder when 6491 is divided by 38?
31
Calculate the remainder when 266146 is divided by 237.
232
Calculate the remainder when 142075 is divided by 13.
11
Calculate the remainder when 26904 is divided by 1681.
8
What is the remainder when 34836 is divided by 79?
76
What is the remainder when 314436 is divided by 92?
72
Calculate the remainder when 337565 is divided by 443.
442
What is the remainder when 3363 is divided by 521?
237
What is the remainder when 1422 is divided by 55?
47
Calculate the remainder when 1129 is divided by 373.
10
What is the remainder when 18168 is divided by 10?
8
What is the remainder when 394662 is divided by 32884?
54
Calculate the remainder when 2046 is divided by 2012.
34
What is the remainder when 4421 is divided by 1100?
21
Calculate the remainder when 66835 is divided by 22194.
253
What is the remainder when 427395 is divided by 31?
29
Calculate the remainder when 731270 is divided by 54.
2
Calculate the remainder when 8092 is divided by 2684.
40
What is the remainder when 991 is divided by 76?
3
What is the remainder when 2943 is divided by 342?
207
Calculate the remainder when 1107408 is divided by 1393.
1366
Calculate the remainder when 6793 is divided by 403.
345
What is the remainder when 16752 is divided by 2?
0
Calculate the remainder when 45075 is divided by 3467.
4
Calculate the remainder when 299250 is divided by 444.
438
What is the remainder when 365693 is divided by 545?
543
Calculate the remainder when 186786 is divided by 84.
54
Calculate the remainder when 570 is divided by 8.
2
What is the remainder when 81020 is divided by 27?
20
What is the remainder when 446133 is divided by 13?
12
Calculate the remainder when 2752 is divided by 13.
9
Calculate the remainder when 417601 is divided by 5220.
1
Calculate the remainder when 1